 - (9 + -5)) - 0.
42
Calculate 39 + -10 + -41 - (13 + -4 + (9 - 2)).
-28
(0 - -2) + 47 - (-8 - 19 - -17)
59
What is the value of 3 + (10 - 7) + -13 - (-203 + 179)?
17
Evaluate 3 + 0 + (-36 - (4 - -42)) + (13 - 0).
-66
Evaluate 5 - 40 - 27 - 16.
-78
Evaluate -136 + 35 + 58 + 24 + -4.
-23
What is (2 - -115) + -30 + (9 - -36) - (-11 + 6)?
137
18 + (-66 - (5 + (-18 - -3))) + -16
-54
What is -2 + -4 + 34 - (29 + (-8 - 9))?
16
Calculate 1 + -28 + (62 + 6 - 2).
39
Evaluate (-12 + 16 + (-5 - -9 - 46) - 5) + 5.
-38
4 - (1 + 2 + -3) - 3 - (-1980 + 1910)
71
(47 - (-1 + 1)) + (-4 - (-3 + -5) - 5)
46
(-22 + (82 - 28) - -39) + -15
56
Evaluate 47 - 44 - -5 - (-2 + -40 - -3).
47
What is the value of 3 + (-19 + 2 + -7 - ((-27 - -11) + 15))?
-20
((-14 - 7) + 6 - -14) + 66
65
-457 + 453 - (1 + -48) - 18
25
What is the value of 0 + 0 + -12 - (-4139 + 4130) - -34?
31
Evaluate -13 + (-2 + 4 - 6) + -163 + 217.
37
40 - 31 - (-1 - -8) - ((12 - -108) + -12)
-106
Evaluate (-208 - -106) + 124 + -1 + 0 + 9.
30
Calculate (-93 - (-9 + 2)) + 22 + 3.
-61
Evaluate -14 - -8 - (25 + (-1 - -11) - 1 - -12).
-52
What is (23 + -50 + 18 - (-18 + 4)) + 59 + 0?
64
Calculate -11 + (121 - -4 - (16 + -2 - (45 + -41))).
104
(63 + -5 - 22) + -24
12
(-35 - -51) + (0 - -3) + -24 + 15
10
Evaluate 4 + -12 + (49 + -85 - (2 + -15)).
-31
11 - (26 + 8 - 29 - (-3 - -3))
6
What is the value of (2 - (-12 - -59)) + 87?
42
Evaluate -44 - (-36 + (-85 - 16)).
93
Calculate -111 + 71 + 124 - 17.
67
Evaluate (-1 - -16) + (65 - 67) + (-48 - -36).
1
What is the value of (4 + -7 - (78 + -2)) + (-193 + 101 - -82)?
-89
What is -30 - (-33 + 75 + -43)?
-29
What is the value of (-14 + 9 - (40 - 2) - -1) + -3?
-45
What is (-338 - -341) + (-7 - -1) - (3 + -2 + 26)?
-30
Evaluate 47 - -21 - 145 - (-6 + -3).
-68
Evaluate 201 - (1 + -123 + 194).
129
What is the value of (4 + 45 - 7) + 7 + 12 + (-10 - 6)?
45
What is 150 - (161 - -7) - (-2 - 77)?
61
Calculate (-4 - (-4 + 17 + (-5 - 2))) + 12.
2
What is -31 + (2 - -75) + (-168 - -198)?
76
What is the value of (-1 - -23) + -38 + (-12 - -3)?
-25
-17 + (-26 - (-1 - 78))
36
-23 + (20 - -130 - -18) + -16
129
-11 + 24 + -6 - (-73 - 6) - 17
69
Evaluate (40 - (25 + 31 + 24)) + -15.
-55
Calculate (106 - 133) + 80 - 93.
-40
Calculate (33 - 45) + 3 - 38.
-47
Calculate 68 + -72 + -8 - 14.
-26
Evaluate (52 - 46 - (4 - 2)) + (-81 - -179).
102
Calculate -117 + (18 - (37 + -54)).
-82
Evaluate 8 + (-13 + (20 - 10) - (20 + -12)).
-3
Evaluate 37 + -20 + -19 + (2 - 1) - 10.
-11
Calculate -184 - (73 + -147) - -194.
84
What is the value of -26 - (7 + -5 + 2 - (3 + -3 - -2))?
-28
What is the value of (46 - (47 - 34)) + -68?
-35
(0 - 6) + (-89 + 7 + -3 - (87 + -114))
-64
Evaluate (40 + -86 - 199) + 124.
-121
14 - (1 + 124 + (-21 - 19 - -31))
-102
-63 + 82 + (-3 - (-6 - -4))
18
What is the value of -71 + (-145 + 278 - -16)?
78
What is 28 - (140 - (108 - -70))?
66
37 - (4 - (-12 + -31 + 33 + (15 - 2)))
36
-1 - (-17 - (-8 + 14 + -10)) - (2 - -28)
-18
What is -181 + 106 + 53 + 0?
-22
What is the value of (95 + -96 - (1 - (4 + -5) - -6)) + 48?
39
(87 + -91 - (-12 + -2)) + 17
27
What is -14 - -10 - (-17 + 7 + 10 - -7)?
-11
What is the value of 71 - 156 - (-36 + -11)?
-38
What is the value of (25 - 57) + -61 - -106?
13
What is 66 - (35 - (-18 - -21 - 3))?
31
-117 + 128 - (1 + 29 + -2) - -89
72
(146 - 106) + -111 - -68
-3
Evaluate -2 + (-57 + 40 - ((1 - -4) + -32)).
8
Calculate -14 - ((-5 - -15) + 4 - 2) - -12.
-14
Evaluate (-12 + -4 - -5) + -8 + -3 + 46.
24
Evaluate (-79 + 31 - 7) + 92.
37
Calculate -80 + 1 - (486 + -557).
-8
What is the value of (-4 - 7 - -22) + -21 + 37?
27
Calculate (7 - 4) + -12 - ((2 - -13 - 5) + 1).
-20
(13 - 3) + -29 + (-8 - (-19 - 4))
-4
What is the value of (-30 - 15 - -42) + 50?
47
3 - (45 + -9 + -4 - -9)
-38
Calculate 56 - (-25 + 23 + (-26 - -17)).
67
Evaluate (1 - 7) + 0 + 75 + (97 - 140).
26
What is the value of 1 + 38 + (713 - 790)?
-38
What is 0 + -28 + 13 - -78?
63
Evaluate 104 + 10 + (-84 - -51).
81
-30 + (-14 - (67 - 17)) - 10
-104
-14 + (-59 - (-25 + 20 + 12))
-80
Evaluate 23 - (4 + 71 + (-66 - -29)).
-15
What is the value of -6 + (-9 - -1) + 4 + 2 + -30?
-38
What is the value of (52 - (11 + (-10 - 25))) + -1 - (1 - -1)?
73
Calculate 5 + 14 - (-25 + -5 + -5 + 11).
43
What is -21 + 26 + -13 + (-1 - 6) - 9?
-24
What is 6 + 5 + 3 + -15 + (3 - -34) + -9?
27
72 - (-58 + 192 + -47)
-15
What is (-43 - (46 - 81)) + 0 + -34?
-42
What is 22 - 29 - (13 + -11 - 0 - 5)?
-4
Calculate (-1 - -97) + (3386 - 3359).
123
Evaluate -79 + (47 + 62 - 36).
-6
What is the value of (8 - 1 - (72 + -70)) + 0 + 0 - -22?
27
-102 + -6 + (-2427 - -2546)
11
-49 - 25 - (-36 + 3) - (-7 + (1 - 1))
-34
What is (-3 - -15) + -1 - ((45 - 15) + -67)?
48
(-359 - -334 - (-23 + 0)) + 12 + -61
-51
Calculate -74 + (30 - (1 + 42)) - -42.
-45
Evaluate -23 + -4 + 25 + -14 - -22.
6
79 + 1 - (5 + 37)
38
What is 7 - ((1 - 17) + -53 + 63)?
13
What is the value of 81 + (-42 - 6) - -21?
54
What is the value of 66 + (-8 - 5) - ((19 - 11) + -6)?
51
What is 64 - 0 - (45 + -10 + -14 + -42)?
85
4 - 1 - (-38 - -12 - (-13 + -1))
15
What is (-37 - (-34 - -10)) + (-2 - -3) - -50?
38
Calculate 5 - (3 + -12 + (9 - 0)).
5
Evaluate -53 - (1 - (13 - 1) - (12 - 48 - -27)).
-51
What is -37 + 22 + 24 - (4 + -5 + 4)?
6
Calculate (12 + -15 - -24) + -4 + 8 + -12.
13
Evaluate -3 - (-12 - (5 + -26)) - 19.
-31
Evaluate -18 - (-36 - -19) - -10 - (-4 + 2) - -30.
41
Calculate 8 - (1 + 0 + -2 - (-3353 + 3345) - 24).
25
Evaluate -5 - (-8 + 11 + 0 + 3 + 5 + 4).
-20
-33 + (35 - 12) + 9
-1
What is 11 - (50 - (75 - 84 - (0 + -17)))?
-31
-211 + 72 + (-83 - -145)
-77
Calculate 47 + (-1 - -5 - ((-38 - 20) + 63)) + -12.
34
Calculate 7 - (-16 + 12) - 111 - (-4 - -3).
-99
-15 - ((-71 - -16) + (16 - 4))
28
Calculate -113 + 132 + (3 - 9) + 1 - 64.
-50
What is 10 - ((-26 - -15) + 14 - -8)?
-1
What is the value of (-6 - -108) + 9 + -18?
93
Calculate (-1 - -70) + (-132 - -133).
70
What is (-17 - 3) + (-17 + 14 - -15)?
-8
Evaluate (1 - (17 + -17)) + -5 - (1 - 9).
4
What is the value of -5 + 49 - 123 - -41?
-38
2739 + -2725 + 1 + (6 - -2)
23
(-46 - (56 + -20)) + 35
-47
Evaluate -1 + 1 + 32 - (-41 + -16 + 30 + 27).
32
Calculate 38 - 15 - -33 - 129.
-73
What is the value of 3662 + -3651 - (-2 - 5)?
18
Calculate 6 + -2 + -273 + 276 + (-1 - -1 - -4).
11
What is the value of 61 - (51 - (8 + 7))?
25
Evaluate -3 - -18 - 40 - -28 - -38.
41
What is 773 + -666 + -86 + 5?
26
(-1 - 41) + (-125 - (-188 + 87))
-66
What is -7 + 4 + -4 + 400 + -391?
2
-17 + 23 + -9 + 11 + (46 - 53)
1
Calculate -140 - (99 + (-144 - 79)).
-16
-3 + (-32 - 0) + (-14 - ((-26 - -10) + 14))
-47
Calculate 32 + (-51 - (-25 - -24)) - (-1 + 0).
-17
What is (5 - (8 + 1)) + -233 + 245?
8
What is the value of -83 + 6 + 43 + -2 - (1 + (1 - 12))?
-26
Evaluate -39 + 35 + (11 - 1) + -7 - (-152 - -187).
-36
(-5 - -11) + (35 - 115) + 1
-73
18 + (-6 - (-11 + 7 + -9 + 17))
8
Evaluate (6 - -4) + -18 - ((-17 - -23) + 62).
-76
What is the value of 1 + -4 + 3 + 35 - (584 + -579)?
30
Evaluate -51 - -93 - (-3 + -8 + -66).
119
What is -18 - (-17 + 16 - (-12 + 21)) - (2 + 29)?
-39
142 + -199 + 9 - (-9 - (2 + 0))
-37
What is 32 + 5 - 65 - -10 - -95?
77
What is -121 + (-19 - (46 + -43)) + 19?
-124
What is the value of -21 + 30 + 4 + (8 - 32)?
-11
Evaluate -14 - 1 - (4 - 9) - (-64 + 117).
-63
63 - (-37 - -89) - 117
-106
Calculate -129 + 63 + 65 - (62 + -1).
-62
Calculate (145 - 154) + (6 + 74 - 8) + (1 - -1).
65
24 - (-26 + 25 + 56) - 27
-58
(3 - 94 - -42) + 88
39
Evaluate 95 - (785 - 776 - (-1 - (4 + -13 + 3))).
91
Evaluate -2 - 82 - ((-26 - 0) + -7 + -36 + 55).
-70
What is the value of 0 + (-22 - -10) + 19?
7
Calculate 36 + 2 - (28 - (6 - (-20 - -2))).
34
Evaluate 4 + 4 + -26 - (-5 + 3 + 8).
-24
-1 + 0 + 15 - -14 - 22
6
Evaluate -17 - (31 + -121 - -90).
-17
What is 531 + -514 - (28 - 1) - 30?
-40
What is the value of (-11 + 8 - 4 - (39 + -102)) + 6?
62
What is the value of (21 - (-4 - (-19 + (9 - 7)))) + (0 - -44)?
52
Evaluate -39 + (-20 + -13 - -11) - (-1 + -17).
-43
Evaluate 195 + -207 - (0 + 36 + -5).
-43
What is the value of -4 + -6 - (1 - (-14 - (-43 + 2)))?
16
Evaluate (-99 - -59) + 69 + -113.
-84
What is 17 - (-12 - (-38 - -18))?
9
What is 9 - (14 + -22) - 56?
-39
Evaluate -14 + (19 - (2 + 1)) - (7 - -18).
-23
What is t